the value of 7 + -3 + 1 - (-31 + 36)?
0
Calculate 0 + -9 + 6 - -9.
6
-8 - (2 - 7) - -5 - -2
4
What is -7 - (-7 + -6 + 8) - 1?
-3
2 + -9 - (2 + -11)
2
Calculate -3 - (10 - 0) - (-5 - 0).
-8
Calculate 3 - (-1 + 1 + 1).
2
3 - (-3 - (1 + -1) - -7)
-1
What is 2 - ((-5 - 0) + 7)?
0
What is (6 - (7 - -1)) + -1 + -2?
-5
Calculate 0 - 3 - (7 - 1 - 11).
2
(5 + -1 - 3) + (1 - 2)
0
Calculate -31 - -31 - (-1 + -2).
3
(2 - 7) + 10 + 3 - 4
4
Evaluate (-9 - 1 - -21) + -1 + 0.
10
Evaluate (0 - 1) + -3 + (2 - 2).
-4
3 + (4 - (1 + 7))
-1
What is the value of -5 - (-2 - (-5 + 6))?
-2
-1 + (-6 - (-7 - -4))
-4
Calculate (12 - 5 - 19) + 7.
-5
What is -1 + (0 - -3) - (2 + -7)?
7
Evaluate -1 - (5 - (0 - -6)).
0
What is 8 + -3 + -3 + 0?
2
Evaluate (7 - 13) + 7 + 12 - 4.
9
Evaluate 6 + (3 - 7) + 3.
5
What is the value of (-2 - 3) + 2 + 5?
2
Evaluate (-8 + 7 - -1) + 0 - -9.
9
Calculate 4 - (8 - 22 - -25).
-7
(2 + -1 - -1) + 1
3
What is the value of 6 + -1 + (-5 - (1 - 5))?
4
5 - (20 + -14 + 3)
-4
-4 + (-3 - -7) + 4
4
(3 + -6 - 1) + -2
-6
What is the value of 2 + -6 + (4 - -1)?
1
4 - (0 - -1) - (18 + -15)
0
3 - (0 + -2 + 3)
2
What is the value of -1 + 5 + 1 + (1 - 1)?
5
-56 - -51 - (-2 - -6)
-9
What is (-1 - 9) + 1 + -1 + 5?
-5
Calculate 8 - ((11 - -3) + -8).
2
What is 6 + (2 + -4 - 5)?
-1
Evaluate 4 + (1 - -2 - 12).
-5
Evaluate 17 + (9 - (7 + 11)).
8
What is the value of -5 - 5 - -9 - -4?
3
-7 - (0 - (-5 + 9))
-3
What is the value of 7 + (7 - 3) + -6?
5
Calculate 14 - (-1 - -18) - (-1 - 1).
-1
-1 + -3 + (0 - (-7 - 4))
7
(-1 + -5 - -3) + 11 + -3
5
What is 0 - (-16 - -7 - (0 - 4))?
5
What is -1 - (20 - (9 - -5))?
-7
Calculate -5 - (5 + -3 + -4) - 2.
-5
6 - (-3 + -7 - -17)
-1
What is the value of -2 + 1 + -7 - 0?
-8
What is the value of 5 + 2 + -4 - 4?
-1
Evaluate 1 + -8 + -256 + 257.
-6
-2 - (-6 - (7 + -8))
3
Evaluate -5 + 1 - (6 + -9 - 2).
1
What is the value of (1 - 1) + -36 + 31?
-5
3 + (4 - 2 - 3 - 4)
-2
What is 0 - (0 - (-2 - 2 - -2))?
-2
-3 + 2 + -5 + 15 + -10
-1
0 + -2 + 5 - (3 - -1)
-1
What is 1 + (-1 - (2 + 3))?
-5
-3 + 1 + 3 + 0
1
11 + -9 - (7 + 0)
-5
Calculate 3 + (-2 - 0 - 5).
-4
What is the value of (0 + -2 - 8) + 6?
-4
-3 - -6 - 2 - 6
-5
Calculate -4 + (0 - 4) + 6.
-2
What is -1 + -3 - (-5 + 4 + -3)?
0
What is the value of -5 + 7 + (-12 - -5) + -1?
-6
Evaluate -1 - (-9 + -4 + 7).
5
Evaluate 3 - 2 - (-11 - (-19 - -9)).
2
What is the value of 4 - (4 - (-1 - 1))?
-2
31 + -32 + 0 + 1
0
Evaluate (-8 - -4 - -4) + 1.
1
Evaluate -177 - -171 - (-1 + -11).
6
What is the value of (-1 - (-1 - 8)) + -4?
4
Calculate 10 + -1 + -6 + 1.
4
Evaluate 10 - ((2 - -6) + (-3 - -1)).
4
Calculate -1 + 1 + (4 - (-2 - -8)).
-2
Evaluate (-3 + 1 - -4) + -1.
1
Evaluate 4 + -8 + 6 + -2.
0
(-7 - -2) + -2 + 5
-2
What is the value of -15 - -1 - (-50 - -44)?
-8
What is the value of -8 + -6 + 15 + -1?
0
What is the value of (2 - 7) + 1 + -1 + 5?
0
Calculate 6 + -3 + -3 - -2.
2
1 + -13 - (-2 - 6)
-4
3 + -2 + -4 + 7 - 0
4
Evaluate (8 - (7 + 3)) + 1.
-1
What is -9 + 14 + (-5 - -5)?
5
What is the value of (4 - (-7 + 7)) + (4 - 3)?
5
(9 - (1 - -2)) + 1 - 4
3
Calculate -30 + 17 + 15 - (-4 - 0).
6
What is -1 - (10 + (-3 - -2 - 4))?
-6
What is the value of (6 - 3) + (-4 - 0 - -1)?
0
What is 1 + 1 - (-7 + (1 - -5))?
3
0 - (9 + (-7 - -4) + -1)
-5
7 + 6 + -23 + (5 - 2)
-7
Evaluate (2 - -6) + (-26 - -25).
7
Evaluate -3 - ((0 - -4) + -2).
-5
-4 + 1 - (-7 + (0 - 0))
4
Calculate -7 + (-3 + 13 - 7).
-4
What is the value of 7 - (-5 - -5 - -3)?
4
What is (10 - 8) + (2 - 3) + -2?
-1
What is 3 + -3 + 2 + -6 + 4?
0
1 + 1 + 8 + -7 + -1
2
Calculate 13 + -5 - (3 + 1).
4
Calculate -1 + 1 + -4 + -3 - -3.
-4
Evaluate (2 - 5) + 5 + 0.
2
Calculate -3 + 5 + (-2 - -3 - 2).
1
What is 4 + -9 + 5 - 0?
0
(9 - (-7 - -11)) + -10
-5
Evaluate 0 + -1 + -7 + 8.
0
What is 5 + 3 + -6 - 7?
-5
Evaluate (-7 - -3) + 4 + 9.
9
What is the value of (8 - (12 + -3)) + 1?
0
What is -1 + (3 - 7 - -3)?
-2
What is (1 - -2) + -2 - 3?
-2
Evaluate 7 + -6 + 3 + -3.
1
Calculate -4 + (4 - 6) + 1 + 0.
-5
What is the value of -3 + (0 - -1) + (1 - 0)?
-1
6 + -8 + 2 + (2 - -1)
3
Evaluate -5 + -4 + (2 - -5).
-2
Evaluate 2 - 4 - (-17 - -13).
2
Calculate -108 + 95 + 0 + 17.
4
What is the value of -5 + -4 + 9 + -4?
-4
Evaluate (-5 + -3 + 7 - -4) + -7.
-4
What is the value of 6 + -2 + -5 - 0?
-1
What is 10 - (-6 - (-10 - 2)) - 1?
3
What is -9 - (1 - (8 + -2))?
-4
Evaluate 2 - ((-3 - (2 - 2)) + -1).
6
-6 - (-6 + -1 + 4)
-3
Evaluate -2 + 7 + -6 - (-5 + 0).
4
Calculate (6 - (-8 + 11)) + -5.
-2
Calculate -101 + 99 + 0 + (-1 - -1).
-2
What is the value of (-5 - -13) + (3 - 8)?
3
What is -5 + (2 - -1) + -3 - -12?
7
-33 + 32 + (7 - -1)
7
Evaluate 21 - (-8 - (-8 + -12)).
9
Calculate -1 + (-12 - (-19 + 13)).
-7
What is the value of (-6 - -7) + -1 + 1?
1
Calculate (-8 - (3 + -12)) + -8 + 1.
-6
(0 - -4) + 3 + -10 + 2
-1
Calculate 0 + -1 + 5 + (-6 - -3).
1
Calculate 4 + -3 - 5 - (-4 + -4).
4
What is -6 - (-4 + (-1 - 2))?
1
Evaluate 4 - (-2 + 5 - (16 + -17)).
0
What is -4 - -1 - -5 - -3?
5
What is 2 - 1 - (29 - 29)?
1
Calculate 148 + -156 + (1 - (-6 + 0)).
-1
-7 + 5 + (8 - (2 - 0))
4
What is the value of 1 - ((2 - 3) + 1)?
1
Evaluate 3 + 3 + -8 + -5.
-7
What is the value of (2 - (3 - 2)) + -17 + 13?
-3
Calculate -7 + (11 - -4) + -7.
1
What is -4 + -3 + 15 + -3?
5
What is 0 - ((3 - 2) + -5)?
4
What is 10 + -3 + (-6 - 0 - -3)?
4
What is 10 - (-33 + 35 + (-1 - 0))?
9
Evaluate -29 + 22 + (12 - 2).
3
What is the value of 4 + -5 - 20 - -13?
-8
Calculate 0 + 5 - (-3 - (-8 + 2)).
2
Evaluate -3 - (0 + -4 + -1).
2
What is 1 - (7 - ((3 - 6) + 13))?
4
What is -8 + -1 + (-4 - (-2 - 7))?
-4
Calculate -3 + (-1 - (-2 + -3 - -1)).
0
What is (4 - (-4 - -4)) + 0?
4
What is the value of -11 - (-8 - 2) - (1 - -3)?
-5
Calculate 3 - (1 + -1 + -5 + -2).
10
-3 + 2 + 4 + -5
-2
What is the value of -18 + -1 + 9 - -4?
-6
Evaluate (6 - 6) + 1 + -6.
-5
What is the value of (0 - -2) + -2 + -2 + -1?
-3
What is the value of (-1 - (-10 + 1)) + 1 + -4?
5
Calculate 2 + (-3 - (15 - 10)).
-6
4 + (5 - (3 + 1)) + -1
4
Calculate -10 - -15 - (2 - -1).
2
What is (12 - (6 + -3)) + -5?
4
Calculate (0 + 4 - (2 + 0)) + 3.
5
-4 + (-3 - (3 + -10))
0
What is the value of (13 - (5 - -7)) + -4?
-3
Calculate (-5 - -5) + 3 + 0 + -4.
-1
Calculate (-2 - -12) + -5 + 0.
5
Evaluate 0 + 1 + -3 + (7 - 3).
2
Evaluate -3 - (-14 - -3 - (-1 + -3)).
4
Calculate 5 - (5 - (-1 + 5)).
4
What is 8 + -21 + 9 + 11?
7
What is the value of -7 + (2 - -8 - 5)?
-2
Evaluate 1 - (-2 + (9 - 4) + -5).
3
What is 0 + -1 + -2 + -2 + 8?
3
Evaluate (1 - -3) + 1 + 0 + 0.
5
-2 - 1 - (26 - 11 - 22)
4
Evaluate (-17 - -14) + (5 - 6).
-4
What is the value of 7 - (17 - 1 - 10)?
1
Evaluate (-6 - -3) + 8 - 0.
5
What is 5 - -8 - 19 - 2?
-8
Evaluate (3 - -2) + 1 - (39 - 29).
-4
Evaluate 2 + -5 - (4 + -4).
-3
Evaluate -6 - (3 - (11 + 6 + -5)).
3
What is 98 - 93 - (8 + 0)?
-3
Calculate 65 - 66 - (0 - -2 - 2).
-1
What is the value of 13 + -11 + 6 - 14?
-6
Calculate 10 - (9 + 3 + -7).
5
Evaluate -7 - 2 - (-11 - 5).
7
What is 3 - (-4 + 2 + 4 + 1)?
0
(16 - 4) + -2 + -8
2
What is -6 + (-11 - -10 - 1)?
-8
Calculate -7 - ((-6 + 7 - 6) + 0).
-2
-1 - (-2 + 0 + 2)
-1
Calculate (0 - -7) + (2 + -8 - 0).
1
What is (-4 + 2 - -4 - -3) + -6?
-1
4 + (-1 - -1) - (1 - 1)
4
What is the value of -1 + -3 + (0 - -1) - 6?
-9
Evaluate 6 - (0 + -4 - (-7 - -4)).
7
-1 + -2 - -9 - 10
-4
What is the value of 0 - (2 + 0) - (-5 - -7)?
-4
Calculate 1 + 1 - (-13 - -9 - -5).
1
Evaluate 0 + (3 + -3 + 1 - -1).
2
Calculate 2 + 2 + -5 + (-2 - -1).
-2
Evaluate -7 + -5 + 10 + -2.
-4
What is the value of 5 - -8 - (13 + (-2 - 3))?
5
What is -10 - (-8 + 4) - -12?
6
What is the value of -6 - (3 + -11) - 5?
-3
What is the value of 3 - -5 - (4 - -11)?
-7
What is the value of (-5 - (5 - 7)) + 2 - 3?
-4
What is (7 + -3 - -3) + -1?
6
Calculate 0 - (-4 + (8 - 8)).
4
What is the value of 3 + -2 + -1 - (-21 + 17)?
4
What is the value of 0 - 0 - -7 - (1 - -4)?
2
0 - -1 - (0 + -5)
6
1 + 0 + -3 + (7 - 10)
-5
-3 - (2 - 10) - 3
2
What is -8 + 6 - -5 - (-1 + 1)?
3
What is the value of -9 + 16 + (3 - 8)?
2
What is the value of 6 + 0 - (27 + -26)?
5
Evaluate 5 + 6 + -24 + 9.
-4
What is the value of (7 - 3) + -2 - -3?
5
What is the value of (0 - (-3 - (-2 + -1))) + 2?
2
Evaluate -10 - (-3 - (-4 + 7)) - -5.
1
What is -6 - ((7 - 20) 